4652
Convert -119056 (base 10) to base 5.
-12302211
Convert -18b712 (base 12) to base 2.
-1101010001000111110
What is -943256 (base 10) in base 15?
-13973b
What is -111210200012 (base 3) in base 13?
-96875
-1001356 (base 9) to base 6
-15225040
-2532110 (base 6) to base 7
-1106055
Convert 121303200312 (base 4) to base 8.
31634066
2111333021 (base 4) to base 8
2257711
What is 141535 (base 10) in base 8?
424337
-568aa2 (base 14) to base 5
-1223144140
25617752 (base 8) to base 6
322214134
-2104663 (base 8) to base 12
-22b983
-54560445 (base 7) to base 14
-8a0125
What is -11333300333 (base 5) in base 7?
-220016400
65163414 (base 7) to base 5
2410440302
What is -95088 (base 10) in base 16?
-17370
Convert -1348129 (base 10) to base 4.
-11021020201
What is -1409018 (base 10) in base 12?
-57b4a2
What is 3a8600 (base 11) in base 4?
2130132221
100200 (base 3) to base 15
126
101001100100111101 (base 2) to base 15
356d6
90c037 (base 14) to base 3
100011121001001
202030212130 (base 4) to base 6
520050204
-200342214 (base 5) to base 14
-16921c
What is 31132202 (base 4) in base 5?
3231302
What is 22615a (base 12) in base 16?
86356
-34433414 (base 6) to base 4
-10003111102
What is -13a50c (base 15) in base 7?
-11020263
2411640 (base 7) to base 6
10314440
1dafb7 (base 16) to base 11
1109781
Convert 364711 (base 9) to base 10.
220006
Convert -2d4ae (base 15) to base 9.
-242472
Convert -132140242 (base 6) to base 13.
-70c232
9343a9 (base 16) to base 11
54a202a
What is -1001101011011000010000 (base 2) in base 7?
-30364301
Convert -557979 (base 11) to base 9.
-1604364
Convert -4204301 (base 5) to base 8.
-207316
1996a7a (base 12) to base 15
72219d
318068 (base 12) to base 11
493974
11100110010111111 (base 2) to base 14
30db1
What is 1279381 (base 10) in base 4?
10320112111
What is -5343a4 (base 14) in base 3?
-12022001221010
What is -1f7a78 (base 16) in base 12?
-835a20
What is -406411 (base 11) in base 6?
-21553410
Convert 201030210 (base 4) to base 14.
377a4
Convert -66664314 (base 7) to base 3.
-101211211121220
What is 21765227 (base 8) in base 15?
631726
Convert -206752 (base 9) to base 6.
-2345502
1207433 (base 8) to base 4
1100330123
-12255103 (base 6) to base 7
-3240453
What is 13ab530 (base 14) in base 7?
144146660
Convert -60cd (base 14) to base 13.
-7765
Convert -716b2 (base 14) to base 12.
-111b90
-12324053 (base 7) to base 12
-459642
What is -1140038 (base 10) in base 8?
-4262506
Convert 1014233220 (base 5) to base 15.
2b7d90
Convert 130322042 (base 5) to base 8.
2331771
-b53b9 (base 13) to base 3
-121112221020
Convert 2122002122101 (base 3) to base 12.
575a24
Convert -48a5c (base 15) to base 16.
-3899d
-2532563 (base 7) to base 15
-67092
1004837 (base 9) to base 4
2002213333
What is -1ee951 (base 15) in base 12?
-612204
3322530 (base 8) to base 14
193ca4
23627 (base 12) to base 5
3010201
What is -438b9 (base 12) in base 13?
-31917
Convert -d42935 (base 14) to base 9.
-14411556
Convert 558336 (base 9) to base 12.
141466
1232022 (base 5) to base 3
1012221100
What is 116105 (base 7) in base 8?
51510
-1613345 (base 8) to base 10
-464613
What is -5624547 (base 8) in base 16?
-172967
-100321013 (base 5) to base 8
-1417747
2645182 (base 9) to base 15
1d8c15
What is -1c780d (base 16) in base 2?
-111000111100000001101
Convert -47b40a (base 13) to base 11.
-a68792
Convert -2e687e (base 16) to base 2.
-1011100110100001111110
What is 222429 (base 12) in base 5?
114340301
-3681603 (base 11) to base 9
-13034347
What is 136356 (base 13) in base 3?
212220201200
Convert 10243042 (base 7) to base 14.
188392
5a1d3d (base 15) to base 8
20340753
What is -1690b2 (base 12) in base 13?
-108050
8033715 (base 9) to base 2
10000010011011100111011
What is -16fa2 (base 16) in base 10?
-94114
What is -23320103 (base 4) in base 6?
-1013135
What is -104587 (base 9) in base 12?
-30181
244105 (base 7) to base 9
67214
-205255023 (base 6) to base 2
-1101110010101110010111
What is -3666464 (base 7) in base 10?
-470495
203002331 (base 5) to base 12
33b52a
Convert -205466551 (base 7) to base 5.
-11110424240
Convert -14a6d (base 14) to base 10.
-51449
What is 619a87a (base 11) in base 10?
10936551
Convert 12000222220 (base 3) to base 6.
2042553
Convert -2222130121 (base 4) to base 16.
-aa719
Convert -1058291 (base 11) to base 4.
-13011010030
-1644641 (base 7) to base 6
-4531502
2873621 (base 9) to base 10
1583893
What is 464a95a (base 11) in base 3?
120021211012100
What is 1213033121 (base 4) in base 2?
1100111001111011001
Convert 240240 (base 7) to base 13.
16962
Convert -1000110110001011101100 (base 2) to base 5.
-1043202314
What is 5b6a2a (base 13) in base 8?
10254510
Convert 15012 (base 14) to base 11.
36201
725b8 (base 14) to base 4
1003101112
Convert -7b691 (base 13) to base 9.
-372851
What is 9955940 (base 10) in base 6?
553220152
-3beae (base 16) to base 9
-413581
What is 182909 (base 15) in base 7?
12654201
a6b58b (base 13) to base 14
73aa07
230440 (base 11) to base 10
366553
What is -314411503 (base 6) in base 7?
-65034243
What is -86351 (base 10) in base 16?
-1514f
What is 1b9374 (base 15) in base 5?
321104114
What is 50663563 (base 7) in base 11?
2432308
2bf99 (base 16) to base 4
223332121
What is 93973b (base 13) in base 9?
6435183
What is -217072 (base 9) in base 4?
-133230203
-4382 (base 11) to base 7
-22562
-7442ad (base 14) to base 13
-a77a21
What is 11320310122 (base 4) in base 8?
5706432
What is b9a80 (base 13) in base 12?
142362
Convert 111611512 (base 7) to base 16.
67e8e9
c003 (base 14) to base 4
20002203
-111011011011011100110 (base 2) to base 8
-7333346
-2bd8c6 (base 16) to base 10
-2873542
Convert 30023112022 (base 4) to base 13.
879ca0
Convert 3522450 (base 7) to base 8.
1540515
Convert -300020 (base 8) to base 2.
-11000000000010000
What is -313420044 (base 6) in base 15?
-737601
20050034 (base 6) to base 16
8a466
Convert -234333002 (base 5) to base 14.
-2051d6
What is 27b09 (base 16) in base 7?
1244651
Convert -417367 (base 8) to base 13.
-4b363
Convert 4922403 (base 10) to base 11.
2862302
Convert -5c663 (base 15) to base 12.
-122910
Convert 30114203 (base 6) to base 10.
849819
What is 1333121203 (base 4) in base 6?
15103511
210bb (base 12) to base 4
22211033
11100000110100101110 (base 2) to base 8
3406456
368024 (base 9) to base 15
45d47
What is 2200023002 (base 4) in base 16?
a02c2
Convert -1422343214 (base 5) to base 16.
-38b16a
Convert -322112003 (base 4) to base 15.
-4ac1e
-352726 (base 8) to base 11
-82404
11200 (base 3) to base 9
150
Convert -22cab (base 13) to base 5.
-4014220
What is 111000100110011110111 (base 2) in base 5?
433322321
What is 885548 (base 11) in base 6?
50140544
-49bd6 (base 15) to base 11
-150a78
What is 6266451 (base 9) in base 8?
14620506
Convert 7321223 (base 8) to base 16.
1da293
110601 (base 9) to base 15
148b7
-62b922 (base 13) to base 12
-935198
Convert 20433424 (base 5) to base 4.
221301222
202210241 (base 5) to base 7
6652025
-4bc04 (base 13) to base 2
-100010010010011011
Convert 3206 (base 7) to base 10.
1133
Convert -489a75 (base 16) to base 4.
-102021221311
Convert -22a47b0 (base 12) to base 6.
-355141140
What is 1331323002 (base 4) in base 11?
32256a
10000000011010110 (base 2) to base 4
100003112
What is 1607551 (base 10) in base 7?
16443511
Convert 20552 (base 8) to base 6.
103334
1056939 (base 10) to base 5
232310224
What is -575371 (base 8) in base 11?
-123825
Convert -1110101100010100111100 (base 2) to base 6.
-214315220
What is -4054400 (base 6) in base 15?
-3c7ac
What is 2154324 (base 6) in base 9?
174817
Convert 686a36 (base 13) to base 14.
4847d9
Convert 194914 (base 12) to base 14.
b7996
What is -12000222220 (base 3) in base 4?
-120031011
What is 1246316 (base 7) in base 16?
27d0d
11121110200211 (base 3) to base 6
124302204
What is 102120112202 (base 3) in base 8?
675006
Convert -6566359 (base 10) to base 15.
-89a8c4
Convert -61b239 (base 13) to base 7.
-25246526
2161d5 (base 14) to base 2
100010100000110011111
What is 4578a9 (base 12) in base 7?
12312051
Convert -126c4 (base 16) to base 7.
-433000
Convert -11101010110011011 (base 2) to base 5.
-12321334
Convert 608092 (base 11) to base 5.
222231210
Convert 113022 (base 6) to base 11.
734a
Convert 4261b (base 13) to base 6.
2322020
10106454 (base 7) to base 16
